et a = -21 + n. List the prime factors of a.
2, 3
Let r(x) = 9*x**3 - x**2 - x. Let o be r(-1). Let n = o + 11. List the prime factors of n.
2
Suppose -5 = -2*y + 3. Let p = y - 1. What are the prime factors of p?
3
Let j be 2/(-7) - 222/(-42). Suppose -j*w + 2*w = 0. Suppose w = l - 5*r + 2, -l - 46 = -6*l - 3*r. List the prime factors of l.
2
Let c(w) = -45*w. Let m be c(-5). Suppose -5*j + m - 55 = 0. What are the prime factors of j?
2, 17
Let j be (87 - 3)/(2/(-2)). Let i = j + 130. Let w = i - 33. List the prime factors of w.
13
Let i(h) = -h**2 - 5*h + 7. Let n be i(-6). Let v = -8 - n. Let f = 17 + v. List the prime factors of f.
2
Let u be (-2 - 6)/(-4) - -1. Suppose w - 4*v + 7 = 0, u*w - 64 = 4*v - 9*v. What are the prime factors of w?
13
Suppose 2*x + 12 = 4*h, -4 = -3*h - 5*x + 5. Let v be (40 - (0 + -3)) + -2. Suppose 0 = -3*r + 4*j + v, 46 = -0*r + h*r - 5*j. What are the prime factors of r?
7
Let i be ((-26)/(-3))/(4/(-6)). Suppose 4*q = f, f - 2*q - 2 = 3*q. Let d = f - i. What are the prime factors of d?
5
Suppose 5*b + 23 = 3*u - 17, u + 4*b + 15 = 0. Let z be (-2)/(0 - (-3)/(-60)). Suppose -u*p + 55 = -4*w, 3*p - z = -p + 4*w. List the prime factors of p.
3, 5
Let z = 11 + -4. Let q = 7 - z. Suppose -5*x - 2*o - o + 85 = q, -5*x = -2*o - 85. What are the prime factors of x?
17
Let x be (0*(-2)/(-4))/(-2). Suppose x = -0*r - r. Suppose r*n + 2*n = 6. List the prime factors of n.
3
Suppose -6*g + 7*g - 12 = 0. List the prime factors of g.
2, 3
Let b = -86 - -169. List the prime factors of b.
83
Let p = 3 + 16. Let v = p - -11. What are the prime factors of v?
2, 3, 5
Suppose -5*l = 4*f + 7, l + 3*f = 4*f - 5. Let c(r) be the third derivative of r**5/20 + r**4/8 - r**3/3 + 2*r**2. List the prime factors of c(l).
2
Suppose -4*g + 8*g + 36 = 0. Let h be -3 - -3*6/g. Let m(a) = -3*a. What are the prime factors of m(h)?
3, 5
Let r(d) = -d**2. Let n(s) = -3*s**2 - 9*s - 3. Let j(x) = n(x) - 4*r(x). Let o be j(7). Let b = o - -31. List the prime factors of b.
2, 7
Let f = -56 - -101. Suppose -o + 35 = 5*j, -5*o - 2*j + 38 = -f. What are the prime factors of o?
3, 5
Let w(g) = -g**3 - 10*g**2 - g - 14. Let r be w(-10). Let x = 0 - r. What are the prime factors of x?
2
Suppose -w - 6 = -5*m - 71, m = 5*w - 229. What are the prime factors of w?
3, 5
Suppose 3*b - 126 - 39 = 0. What are the prime factors of b?
5, 11
Let n(t) = -t**3 - 3*t**2 - 5*t - 5. Let y(o) = o**3 + 4*o**2 + 5*o + 4. Let k(x) = 2*n(x) + 3*y(x). List the prime factors of k(-5).
2
Let n(u) = u - 2. Let j = 0 + 5. Let a be n(j). Let l(q) = 5*q. What are the prime factors of l(a)?
3, 5
Let n be (-3 - -1)/(2/(-4)). Let d = n + -2. Suppose -d*l = -5*p + 30, 0 = 5*p - 4*l - 2 - 18. What are the prime factors of p?
2
Let b(d) = d**3 + 2*d**2 - d + 3. What are the prime factors of b(3)?
3, 5
Let k(m) = -6*m + 16. What are the prime factors of k(-8)?
2
Suppose -3*x - 75 = -0*x. Let f = 36 + x. What are the prime factors of f?
11
Let c(r) = r + 2 + 5 + r - 5. List the prime factors of c(2).
2, 3
Suppose 5*l - 939 = -224. List the prime factors of l.
11, 13
Let i be ((-70)/25)/(2/(-10)). Suppose -4*l + 2*l + i = 0. List the prime factors of l.
7
Let b(p) = -3*p + p + 3*p. Let y(c) = c**2 - c - 3. Let h be y(-3). List the prime factors of b(h).
3
Let a = 10 + -10. Suppose -22 = -4*m - 5*l - a, -3*l + 6 = 0. What are the prime factors of m?
3
Let w = 12 + 7. List the prime factors of w.
19
Let t = -10 + 14. Suppose 57 = -t*f + 7*f. List the prime factors of f.
19
Let v(r) = 79*r**2 + r. Let l be v(1). What are the prime factors of 6/(l/(-44) + 2)?
3, 11
Let m be (-3)/12 + 3/12. Let p = m + 0. Suppose -h + 2 + p = 0. What are the prime factors of h?
2
Let y(x) be the first derivative of 3*x**2/2 - 2*x + 4. Let c be y(-2). Let m = c + 18. What are the prime factors of m?
2, 5
Let t = 2 + -1. What are the prime factors of (t - 0)/((-7)/(-28))?
2
Let i = -11 - -15. Suppose 4*c - 15 = i*k - 3*k, 3*c - 4*k - 21 = 0. What are the prime factors of c?
3
Let x = -39 - -57. What are the prime factors of x?
2, 3
Let n = 6 + -2. What are the prime factors of n?
2
Let y = 13 - 7. What are the prime factors of y?
2, 3
Suppose -j - 2*f - 9 = -4, 4*f = j - 25. Let i = j + -5. Suppose l - 4 = z, -2*l + 0*z - 2*z + 24 = i. What are the prime factors of l?
2
Suppose 5*t + 4*b - 57 = 0, 8*t - 3*t - 5*b - 30 = 0. Suppose -t = -0*g - 3*g. Suppose 2*j + 3 = g*u, 3*u + u = -j + 15. List the prime factors of j.
3
Suppose 30 = 5*t + 10, -532 = -4*s + 2*t. List the prime factors of s.
3, 5
Suppose -70 = -3*f + 29. What are the prime factors of f?
3, 11
Suppose -3*o - l - 19 = 63, 0 = -2*o + 2*l - 52. Suppose -j + 5*j = -5*y - 183, 5*j + 213 = -y. Let m = o - j. List the prime factors of m.
3, 5
Suppose 0*o = -4*o + 320. What are the prime factors of o?
2, 5
Suppose -4*q + 5*q = 20. What are the prime factors of q?
2, 5
Suppose -6*m = -3*m - 57. List the prime factors of m.
19
Let f(t) = -5*t - 2. Let d be f(-6). Let s = d + -12. What are the prime factors of s?
2
Suppose -32 = -5*r + 2*o, r + o = 4*r - 19. Suppose r*x = x + 190. List the prime factors of x.
2, 19
Let m = -160 - -274. List the prime factors of m.
2, 3, 19
Suppose 0 = -4*n + 4*l + 568, 3*n + 0*l = -4*l + 419. List the prime factors of n.
3, 47
Suppose 3*j - 170 = 37. What are the prime factors of j?
3, 23
Suppose 5*d - 9*d = -24. Suppose 0 = 2*s - 5*m + 18, -2*m - 45 = s + 4*s. Let o = d - s. List the prime factors of o.
3, 5
Suppose s - 60 = 6*s. Let a = 3 - s. What are the prime factors of a?
3, 5
Suppose 5*k - 12 = 188. List the prime factors of k.
2, 5
Let f = 13 - 11. Suppose a - f*a = -34. List the prime factors of a.
2, 17
Suppose -4*l = 2*c - 16, 5*c - 3*l - 2 = -1. Suppose -5*t = -4*w - 46, -5*t = -c*w - 39 + 1. What are the prime factors of t?
2, 3
Let z = -2 - -2. Suppose -4*m + 29 + 24 = -a, z = -3*a - 3. List the prime factors of m.
13
Suppose 22*z - 20*z - 390 = 0. List the prime factors of z.
3, 5, 13
Let l be (-2 - (-10)/4)*-2. Let i be l/(-1 - (-2)/4). Suppose -o + 6*o - 3*m = 82, i*o = -5*m + 39. What are the prime factors of o?
17
List the prime factors of 49 - (-1 + 0 + (1 - 4)).
53
Let r(o) = o**3 + 6*o**2 - o - 4. Let x be r(-6). List the prime factors of x/4 - (-44)/8.
2, 3
Let t = -13 - -18. Suppose -5 = -2*g + t. List the prime factors of g.
5
Let f be (1 + 1)*(-1 - 0). List the prime factors of 756/45 + f/(-10).
17
Let y(o) = -2*o**3 - 3*o**2 + 2. Let c = -2 - 0. What are the prime factors of y(c)?
2, 3
Let p(n) = n**3 - 11*n**2 - 11*n - 15. Let i = -7 + 19. Let s be p(i). Let m = s + 18. What are the prime factors of m?
3, 5
Let v = -201 + 296. List the prime factors of v.
5, 19
Suppose 5*u + 47 = 3*m, -2*m + 4*m - 5*u - 28 = 0. What are the prime factors of m?
19
Suppose k + 3*z = 30, 5*k + 4*z + 62 = 234. What are the prime factors of (-30)/9*k/(-5)?
2, 3
Suppose -3*u + 2*h + 11 + 10 = 0, 5*u - 5*h = 35. What are the prime factors of u?
7
Let k = 141 - -61. What are the prime factors of k?
2, 101
Let x = 0 - -3. Suppose -2*j + 5*y = -16, 2 + 4 = -x*y. Suppose -2*s - 47 = -5*w - 3*s, -j*w = -s - 33. What are the prime factors of w?
2, 5
Let k(g) = 3*g - 1. Let m = -8 + 18. What are the prime factors of k(m)?
29
Let t = 32 - 7. List the prime factors of t.
5
Let o(z) be the third derivative of z**6/120 - z**5/30 + z**4/6 - z**3/3 - 4*z**2. Let c be o(2). List the prime factors of ((-55)/15)/((-2)/c).
11
Let a = 457 + -55. List the prime factors of a.
2, 3, 67
List the prime factors of 76/20 + 2/10.
2
Let a = -24 + 24. Suppose 3*v - 140 - 13 = a. List the prime factors of v.
3, 17
Let y = 80 - 21. List the prime factors of y.
59
Let p(r) = 10*r**2 + 4*r - 3. Let k(g) = -30*g**2 - 11*g + 8. Let q(l) = -4*k(l) - 11*p(l). What are the prime factors of q(1)?
11
Suppose v - 176 = -v. Let q(p) = -p**2 - 5*p. Let l be q(-4). What are the prime factors of (1/2)/(l/v)?
11
Suppose 15 + 9 = 3*s. What are the prime factors of s?
2
Suppose -7*m + 260 = -3*m. Let s = m + -31. Suppose -2*l + 3*i - i = -18, 0 = 4*l - 2*i - s. What are the prime factors of l?
2
Suppose -w = 0, 5*t - 2*w = 302 - 12. List the prime factors of t.
2, 29
Suppose -39 = -7*p + 4*p. List the prime factors of p.
13
Suppose -2*m = 5*r - 401, 0*m + 5*r = 2*